[INFO] fetching crate a3mo_lib 0.3.0...
[INFO] checking a3mo_lib-0.3.0 against master#cfbc6d4cf1acbac5c025acf8ed68929caa551df3 for pr-75494-beta
[INFO] extracting crate a3mo_lib 0.3.0 into /workspace/builds/worker-9/source
[INFO] validating manifest of crates.io crate a3mo_lib 0.3.0 on toolchain cfbc6d4cf1acbac5c025acf8ed68929caa551df3
[INFO] running `Command { std: "/workspace/cargo-home/bin/cargo" "+cfbc6d4cf1acbac5c025acf8ed68929caa551df3" "read-manifest" "--manifest-path" "Cargo.toml", kill_on_drop: false }`
[INFO] started tweaking crates.io crate a3mo_lib 0.3.0
[INFO] finished tweaking crates.io crate a3mo_lib 0.3.0
[INFO] tweaked toml for crates.io crate a3mo_lib 0.3.0 written to /workspace/builds/worker-9/source/Cargo.toml
[INFO] running `Command { std: "/workspace/cargo-home/bin/cargo" "+cfbc6d4cf1acbac5c025acf8ed68929caa551df3" "generate-lockfile" "--manifest-path" "Cargo.toml" "-Zno-index-update", kill_on_drop: false }`
[INFO] running `Command { std: "/workspace/cargo-home/bin/cargo" "+cfbc6d4cf1acbac5c025acf8ed68929caa551df3" "fetch" "--locked" "--manifest-path" "Cargo.toml", kill_on_drop: false }`
[INFO] [stderr]  Downloading crates ...
[INFO] [stderr]   Downloaded custom_error v1.7.1
[INFO] [stderr]   Downloaded delta_patch v0.1.0
[INFO] [stderr]   Downloaded xorshift v0.1.3
[INFO] [stderr]   Downloaded easy_xxhash64 v1.1.6
[INFO] [stderr]   Downloaded faster-hex v0.3.1
[INFO] [stderr]   Downloaded indextree v4.2.0
[INFO] running `Command { std: "docker" "create" "-v" "/var/lib/crater-agent-workspace/builds/worker-9/target:/opt/rustwide/target:rw,Z" "-v" "/var/lib/crater-agent-workspace/builds/worker-9/source:/opt/rustwide/workdir:ro,Z" "-v" "/var/lib/crater-agent-workspace/cargo-home:/opt/rustwide/cargo-home:ro,Z" "-v" "/var/lib/crater-agent-workspace/rustup-home:/opt/rustwide/rustup-home:ro,Z" "-e" "SOURCE_DIR=/opt/rustwide/workdir" "-e" "CARGO_TARGET_DIR=/opt/rustwide/target" "-e" "CARGO_HOME=/opt/rustwide/cargo-home" "-e" "RUSTUP_HOME=/opt/rustwide/rustup-home" "-w" "/opt/rustwide/workdir" "-m" "1610612736" "--user" "0:0" "--network" "none" "rustops/crates-build-env@sha256:a636fd89d022f18117e1dc8fb37a0a009933cdbbe082814857f0e2024962d47c" "/opt/rustwide/cargo-home/bin/cargo" "+cfbc6d4cf1acbac5c025acf8ed68929caa551df3" "metadata" "--no-deps" "--format-version=1", kill_on_drop: false }`
[INFO] [stdout] 7d607423ace303711bce9b0c82175815f930b059a6f617959386efb22beba40d
[INFO] [stderr] WARNING: Your kernel does not support swap limit capabilities or the cgroup is not mounted. Memory limited without swap.
[INFO] running `Command { std: "docker" "start" "-a" "7d607423ace303711bce9b0c82175815f930b059a6f617959386efb22beba40d", kill_on_drop: false }`
[INFO] running `Command { std: "docker" "inspect" "7d607423ace303711bce9b0c82175815f930b059a6f617959386efb22beba40d", kill_on_drop: false }`
[INFO] running `Command { std: "docker" "rm" "-f" "7d607423ace303711bce9b0c82175815f930b059a6f617959386efb22beba40d", kill_on_drop: false }`
[INFO] [stdout] 7d607423ace303711bce9b0c82175815f930b059a6f617959386efb22beba40d
[INFO] running `Command { std: "docker" "create" "-v" "/var/lib/crater-agent-workspace/builds/worker-9/target:/opt/rustwide/target:rw,Z" "-v" "/var/lib/crater-agent-workspace/builds/worker-9/source:/opt/rustwide/workdir:ro,Z" "-v" "/var/lib/crater-agent-workspace/cargo-home:/opt/rustwide/cargo-home:ro,Z" "-v" "/var/lib/crater-agent-workspace/rustup-home:/opt/rustwide/rustup-home:ro,Z" "-e" "SOURCE_DIR=/opt/rustwide/workdir" "-e" "CARGO_TARGET_DIR=/opt/rustwide/target" "-e" "CARGO_INCREMENTAL=0" "-e" "RUST_BACKTRACE=full" "-e" "RUSTFLAGS=--cap-lints=forbid" "-e" "CARGO_HOME=/opt/rustwide/cargo-home" "-e" "RUSTUP_HOME=/opt/rustwide/rustup-home" "-w" "/opt/rustwide/workdir" "-m" "1610612736" "--user" "0:0" "--network" "none" "rustops/crates-build-env@sha256:a636fd89d022f18117e1dc8fb37a0a009933cdbbe082814857f0e2024962d47c" "/opt/rustwide/cargo-home/bin/cargo" "+cfbc6d4cf1acbac5c025acf8ed68929caa551df3" "check" "--frozen" "--all" "--all-targets" "--message-format=json", kill_on_drop: false }`
[INFO] [stdout] 1dd28bf5fb5e870638035edfca9f69c29c501eebc4ad91ea4129e2c51af9f61d
[INFO] [stderr] WARNING: Your kernel does not support swap limit capabilities or the cgroup is not mounted. Memory limited without swap.
[INFO] running `Command { std: "docker" "start" "-a" "1dd28bf5fb5e870638035edfca9f69c29c501eebc4ad91ea4129e2c51af9f61d", kill_on_drop: false }`
[INFO] [stderr]     Blocking waiting for file lock on package cache
[INFO] [stderr]    Compiling autocfg v1.0.0
[INFO] [stderr]     Checking constant_time_eq v0.1.5
[INFO] [stderr]    Compiling serde_json v1.0.57
[INFO] [stderr]     Checking byte-tools v0.2.0
[INFO] [stderr]     Checking linked-hash-map v0.5.3
[INFO] [stderr]     Checking fallible-streaming-iterator v0.1.9
[INFO] [stderr]     Checking arrayvec v0.5.1
[INFO] [stderr]     Checking lazy_static v0.2.11
[INFO] [stderr]     Checking rustc-serialize v0.3.24
[INFO] [stderr]     Checking custom_error v1.7.1
[INFO] [stderr]     Checking fallible-iterator v0.2.0
[INFO] [stderr]     Checking arrayref v0.3.6
[INFO] [stderr]     Checking faster-hex v0.3.1
[INFO] [stderr]    Compiling libsqlite3-sys v0.16.0
[INFO] [stderr]     Checking getopts v0.2.21
[INFO] [stderr]    Compiling rustc-test v0.3.0
[INFO] [stderr]     Checking easy_xxhash64 v1.1.6
[INFO] [stderr]     Checking generic-array v0.9.0
[INFO] [stderr]     Checking rand v0.3.23
[INFO] [stderr]     Checking clap v2.33.3
[INFO] [stderr]    Compiling syn v1.0.38
[INFO] [stderr]     Checking publicsuffix v1.5.4
[INFO] [stderr]     Checking blake2b_simd v0.5.10
[INFO] [stderr]     Checking lru-cache v0.1.2
[INFO] [stderr]     Checking xorshift v0.1.3
[INFO] [stderr]     Checking crypto-mac v0.5.2
[INFO] [stderr]     Checking digest v0.7.6
[INFO] [stderr]     Checking blake2 v0.7.1
[INFO] [stderr]    Compiling crossbeam-utils v0.7.2
[INFO] [stderr]    Compiling memoffset v0.5.5
[INFO] [stderr]    Compiling crossbeam-epoch v0.8.2
[INFO] [stderr]    Compiling openssl-sys v0.9.58
[INFO] [stderr]    Compiling hashbrown v0.8.2
[INFO] [stderr]    Compiling indexmap v1.5.1
[INFO] [stderr]    Compiling rayon v1.3.1
[INFO] [stderr]    Compiling openssl v0.10.30
[INFO] [stderr]    Compiling native-tls v0.2.4
[INFO] [stderr]     Checking tokio-executor v0.1.10
[INFO] [stderr]     Checking crossbeam-queue v0.2.3
[INFO] [stderr]     Checking tokio-reactor v0.1.12
[INFO] [stderr]     Checking tokio-timer v0.2.13
[INFO] [stderr]     Checking tokio-current-thread v0.1.7
[INFO] [stderr]     Checking crossbeam-deque v0.7.3
[INFO] [stderr]     Checking h2 v0.1.26
[INFO] [stderr]     Checking tokio-threadpool v0.1.18
[INFO] [stderr]     Checking rayon-core v1.7.1
[INFO] [stderr]     Checking tokio-tcp v0.1.4
[INFO] [stderr]     Checking tokio v0.1.22
[INFO] [stderr]     Checking delta_patch v0.1.0
[INFO] [stderr]    Compiling synstructure v0.12.4
[INFO] [stderr]     Checking hyper v0.12.35
[INFO] [stderr]    Compiling serde_derive v1.0.115
[INFO] [stderr]    Compiling failure_derive v0.1.8
[INFO] [stderr]     Checking hyper-tls v0.3.2
[INFO] [stderr]     Checking failure v0.1.8
[INFO] [stderr]     Checking serde v1.0.115
[INFO] [stderr]     Checking serde_urlencoded v0.5.5
[INFO] [stderr]     Checking indextree v4.2.0
[INFO] [stderr]     Checking cookie_store v0.7.0
[INFO] [stderr]     Checking reqwest v0.9.24
[INFO] [stderr]     Checking rusqlite v0.20.0
[INFO] [stderr]     Checking a3mo_lib v0.3.0 (/opt/rustwide/workdir)
[INFO] [stdout] error[E0554]: `#![feature]` may not be used on the beta release channel
[INFO] [stdout]  --> src/lib.rs:1:1
[INFO] [stdout]   |
[INFO] [stdout] 1 | #![feature(core_intrinsics)]
[INFO] [stdout]   | ^^^^^^^^^^^^^^^^^^^^^^^^^^^^
[INFO] [stdout] 
[INFO] [stdout] 
[INFO] [stdout] error[E0554]: `#![feature]` may not be used on the beta release channel
[INFO] [stdout]  --> src/lib.rs:2:1
[INFO] [stdout]   |
[INFO] [stdout] 2 | #![feature(type_ascription)]
[INFO] [stdout]   | ^^^^^^^^^^^^^^^^^^^^^^^^^^^^
[INFO] [stdout] 
[INFO] [stdout] 
[INFO] [stdout] error[E0554]: `#![feature]` may not be used on the beta release channel
[INFO] [stdout]  --> src/lib.rs:3:1
[INFO] [stdout]   |
[INFO] [stdout] 3 | #![feature(const_fn)]
[INFO] [stdout]   | ^^^^^^^^^^^^^^^^^^^^^
[INFO] [stdout] 
[INFO] [stdout] 
[INFO] [stdout] error[E0554]: `#![feature]` may not be used on the beta release channel
[INFO] [stdout]  --> src/lib.rs:4:1
[INFO] [stdout]   |
[INFO] [stdout] 4 | #![feature(seek_convenience)]
[INFO] [stdout]   | ^^^^^^^^^^^^^^^^^^^^^^^^^^^^^
[INFO] [stdout] 
[INFO] [stdout] 
[INFO] [stdout] error[E0554]: `#![feature]` may not be used on the beta release channel
[INFO] [stdout]  --> src/lib.rs:1:1
[INFO] [stdout]   |
[INFO] [stdout] 1 | #![feature(core_intrinsics)]
[INFO] [stdout]   | ^^^^^^^^^^^^^^^^^^^^^^^^^^^^
[INFO] [stdout] 
[INFO] [stdout] 
[INFO] [stdout] error[E0554]: `#![feature]` may not be used on the beta release channel
[INFO] [stdout]  --> src/lib.rs:2:1
[INFO] [stdout]   |
[INFO] [stdout] 2 | #![feature(type_ascription)]
[INFO] [stdout]   | ^^^^^^^^^^^^^^^^^^^^^^^^^^^^
[INFO] [stdout] 
[INFO] [stdout] 
[INFO] [stdout] error[E0554]: `#![feature]` may not be used on the beta release channel
[INFO] [stdout]  --> src/lib.rs:3:1
[INFO] [stdout]   |
[INFO] [stdout] 3 | #![feature(const_fn)]
[INFO] [stdout]   | ^^^^^^^^^^^^^^^^^^^^^
[INFO] [stdout] 
[INFO] [stdout] 
[INFO] [stdout] error[E0554]: `#![feature]` may not be used on the beta release channel
[INFO] [stdout]  --> src/lib.rs:4:1
[INFO] [stdout]   |
[INFO] [stdout] 4 | #![feature(seek_convenience)]
[INFO] [stdout]   | ^^^^^^^^^^^^^^^^^^^^^^^^^^^^^
[INFO] [stdout] 
[INFO] [stdout] 
[INFO] [stdout] error: aborting due to 4 previous errors
[INFO] [stdout] 
[INFO] [stdout] 
[INFO] [stdout] For more information about this error, try `rustc --explain E0554`.
[INFO] [stdout] 
[INFO] [stderr] error: could not compile `a3mo_lib`.
[INFO] [stderr] 
[INFO] [stderr] To learn more, run the command again with --verbose.
[INFO] [stderr] warning: build failed, waiting for other jobs to finish...
[INFO] [stdout] error: aborting due to 4 previous errors
[INFO] [stdout] 
[INFO] [stdout] 
[INFO] [stdout] For more information about this error, try `rustc --explain E0554`.
[INFO] [stdout] 
[INFO] [stderr] error: build failed
[INFO] running `Command { std: "docker" "inspect" "1dd28bf5fb5e870638035edfca9f69c29c501eebc4ad91ea4129e2c51af9f61d", kill_on_drop: false }`
[INFO] running `Command { std: "docker" "rm" "-f" "1dd28bf5fb5e870638035edfca9f69c29c501eebc4ad91ea4129e2c51af9f61d", kill_on_drop: false }`
[INFO] [stdout] 1dd28bf5fb5e870638035edfca9f69c29c501eebc4ad91ea4129e2c51af9f61d
